or of k and 16.
16
Let l = 48 - 55. Let r(w) = -8*w - 17. Let c be r(l). What is the highest common factor of 39 and c?
39
Let b be -4 - (2 + -50) - 2. Let j(z) = -24*z + 7. Let a be j(6). Let m = 242 + a. What is the greatest common factor of m and b?
21
Suppose 15 = 13*q - 24. Suppose -1 = -3*m + 5*d, -3*d - 43 = 4*m + 4. Let o be (30/m)/((-2)/8). What is the highest common divisor of q and o?
3
Suppose j + 11 = 2*n, -2*n - n = j - 14. Suppose n*h - 5*s - 30 = 0, 0 = 3*h - 2*s - 0*s - 23. Calculate the highest common factor of 99 and h.
11
Let y(r) = -23 + 9*r - r**3 + r**2 + 5*r**2 + 17 - r**2. Let s be y(6). What is the highest common factor of s and 36?
12
Let l be (1056/80)/(8/20). Calculate the highest common factor of l and 99.
33
Let z = 57 - -57. Calculate the highest common divisor of z and 171.
57
Suppose -2*g - 10 = -34. Suppose 56 - 8 = 4*r. What is the highest common divisor of g and r?
12
Let t(k) = -143*k - 107. Let c be t(-1). What is the highest common factor of 423 and c?
9
Let i be 4 + (-18)/42*-49. Let c be -1 - (93 + 1 + -1). Let w = 244 + c. Calculate the highest common divisor of w and i.
25
Let a(s) = 12*s - 286. Let u be a(24). Suppose 2*m = -3*m + 10. Suppose -u*g - m*g = -100. What is the highest common factor of g and 10?
5
Let r(i) = i. Let w be r(1). Let c(o) = 0 - 2*o + w + 4 - 3. Let m be c(-9). Calculate the greatest common factor of m and 220.
20
Suppose 6 = -3*u - 5*k, k - 2 = -3*u + 4*u. Let d be (-1278)/(-63) + (u - (-12)/7). Calculate the highest common divisor of d and 4.
4
Let c be 0 + 2 - 0 - -21. Suppose -3*u + 19 = -c. Let y = u + -11. What is the highest common factor of y and 12?
3
Let m(c) = c**3 + 8*c**2 - 11 - 10*c - 10 + 22. Let n be m(-9). Calculate the greatest common divisor of 50 and n.
10
Let h be (30/(-9))/(1/(-3)). Let i be 65 - ((-6 - -4) + -6 - -3). What is the highest common divisor of i and h?
10
Suppose -4*l + 14 = -10. Let m be -6 + l/(-2) + 6. Let x be (104/(-6))/(1/m). Calculate the highest common factor of 13 and x.
13
Let m(y) = y**3 - 16*y**2 + 30*y - 22. Let r be m(14). Let q be -1 + ((11*r)/3)/2. What is the greatest common divisor of q and 5?
5
Suppose -3*g - 3 + 23 = -h, g = 4*h + 25. Let k(a) = a + 11. Let i be k(h). What is the highest common factor of i and 6?
6
Let c(d) = 166*d - 6. Let z = 55 - 54. Let k be c(z). Calculate the greatest common divisor of k and 20.
20
Let c(w) = 3 + 2*w**2 + 15*w**3 - w**2 - 2 - 3*w**2. Let m be c(1). Let y = 19 - m. Calculate the greatest common divisor of 40 and y.
5
Let y(f) = -8*f + 27. Let t be y(0). What is the highest common divisor of 162 and t?
27
Let k = -521 - -769. Suppose 0 = -2*x + 74 - 12. What is the highest common factor of k and x?
31
Let h be 14*(-3 + 35/10). Suppose -4*a + 4 = -3*a. Let n be -28*(70/a)/(-7). What is the highest common factor of h and n?
7
Suppose z - 3*j - 570 = 0, -5*z + 14*j = 15*j - 2850. Calculate the greatest common divisor of 60 and z.
30
Let f(u) = 89*u + 458. Let v be f(-5). Calculate the greatest common factor of 2886 and v.
13
Suppose 0 = -3*x + 3*c + 21, -14*x = -15*x - 2*c - 8. Calculate the greatest common divisor of 11 and x.
1
Suppose 653*w - 2560 = 643*w. What is the greatest common factor of 16 and w?
16
Suppose 0 = q + 3*m + 10497, m + 56167 = -5*q + 3668. Let r be q/(-238) - 4/34. What is the greatest common divisor of 33 and r?
11
Let v(w) = -2*w**2 - 11*w - 15. Let u be v(-9). Let l = u + 87. What is the greatest common divisor of l and 6?
3
Let n be (-22)/4*(5 + -27). Let i = -33 + n. Let f = 20 - 12. Calculate the highest common divisor of i and f.
8
Suppose v + 4*v = 5. Let r(z) = 8*z - 5. Let h(t) = -t. Let x(k) = v*r(k) - 3*h(k). Let w be x(2). What is the greatest common divisor of 51 and w?
17
Let y be (12 + -6 - -3)*9 + 3. Calculate the greatest common factor of 231 and y.
21
Let d(k) = -3*k**3 - k**2 + k + 1. Let u be d(-1). Suppose -q - 146 = -u*q. Let c = 342 - q. What is the highest common factor of 28 and c?
28
Let d(k) = 8*k + k - 7*k + 6 + 2. Let t be d(-5). Let a be -1*(1 - (38 + t)). What is the highest common divisor of a and 14?
7
Suppose 2*k = -5*g + k - 3793, 1514 = -2*g - 2*k. Let i be ((-22)/33)/(2/g). Calculate the greatest common factor of 23 and i.
23
Suppose -3*m + 4*n + 324 = -283, 5*n + 195 = m. Calculate the highest common divisor of 123 and m.
41
Suppose 2*q - 6*z + 78 = -z, -2*z = -2*q - 66. Let w = q - -30. Let r(n) = -n**2 - 7*n - 2. Let u be r(-5). Calculate the highest common factor of w and u.
1
Suppose -i + 0*i + 15 = 0. Let v = -144 + 311. Let p = 287 - v. What is the highest common factor of i and p?
15
Suppose 0 = -11*w + 2*w + 3060. What is the highest common divisor of w and 20?
20
Let i = 23 + -21. Suppose -5*v = 27 - i. Let l be v/15*(2 + -167). Calculate the greatest common divisor of 22 and l.
11
Suppose 3*p - 9 = 3. Suppose -2*g = 4*v - 40, 0 = -3*v - p*g + 30 + 5. Calculate the greatest common factor of v and 63.
9
Suppose 368 = 4*z + k, 5*z - 4*k = 110 + 371. What is the highest common factor of 62 and z?
31
Suppose -4*p + 248 = 4*v, -4*v = 45*p - 50*p - 284. Calculate the highest common factor of 18 and v.
6
Suppose 3*v + 0*v = 2*y - 354, 4*y = 2*v + 716. Calculate the greatest common factor of y and 20.
20
Let p(q) = 2*q**3 + 36*q**2 - 53*q - 12. Let b be p(-19). Suppose 0 = 3*f - 2*f + 3, -4*r + 144 = 4*f. Calculate the highest common factor of r and b.
39
Let i = 40 - 41. Let o(a) = -56*a - 6. Let h be o(i). Calculate the greatest common factor of 400 and h.
50
Let j = -386 - -1041. Calculate the greatest common divisor of 5 and j.
5
Suppose 7*d = 24 + 4. Let z(l) = 4*l - 2. Let x(k) = 1. Let c(h) = 6*x(h) - z(h). Let y be c(-6). Calculate the highest common divisor of d and y.
4
Let x(o) = -4*o - 20. Let d(n) = n**2 - 11*n + 2. Let h be d(10). Let l be x(h). Calculate the highest common factor of 48 and l.
12
Let y be ((-7)/(-7) + 78/2)/2. Calculate the highest common divisor of y and 36.
4
Suppose 5*n = 3*m + 9628, n - 1912 = -59*m + 63*m. What is the greatest common divisor of n and 8?
8
Suppose -487*j + 478*j = -1089. Calculate the highest common factor of j and 77.
11
Let h = 37 + -37. Let g be (h + -1)*(-2)/2. What is the highest common factor of 9 and g?
1
Suppose -2*x = -4*y - 12, 4*x - 5*y - 12 = -3*y. Calculate the highest common factor of 58 and x.
2
Let n be 2*((-26)/4 - 1). Let l be (-5612)/(-305) - -3*2/n. Calculate the greatest common divisor of 45 and l.
9
Suppose -20*i + 260 = -15*i. Calculate the greatest common divisor of 78 and i.
26
Suppose -k - 4 = 5. Let x = k - -54. Suppose -24 = -4*v - n, -7 = 3*n - 19. Calculate the highest common factor of x and v.
5
Let w = -2131 - -3372. What is the greatest common factor of 219 and w?
73
Suppose -3*j = -j - 30. Let q = j - 9. Suppose -q*s + 5*s + 20 = 0. Calculate the greatest common factor of 160 and s.
20
Suppose -6*y = -y - 10, -5*g - 4*y - 7 = 0. Let x(p) = -18*p - 4. Let m be x(g). What is the highest common divisor of 10 and m?
10
Suppose 93 = 3*i - z, -2*z = -6*z + 12. Suppose -u + 3*u + p - 579 = 0, -u + 4*p + 276 = 0. What is the highest common divisor of i and u?
32
Let h(v) = 6*v + 165. Let d be h(-10). What is the highest common factor of d and 30?
15
Suppose -3*c + 279 - 6 = 0. What is the greatest common divisor of c and 2912?
91
Suppose 2*l - 5*o - 570 = -l, -4*o = 12. What is the greatest common factor of 74 and l?
37
Let a = -11 - -22. Let y be 2*((-121)/(-2) - 0). Calculate the highest common factor of y and a.
11
Suppose 276 = -25*f + 31*f. What is the greatest common factor of f and 1334?
46
Let k be -2 - (1 + -4*31). What is the highest common divisor of 22 and k?
11
Let g(o) = o**3 - 55*o**2 + 11*o - 117. Let v be g(55). What is the greatest common factor of v and 183?
61
Suppose -4*c + 3*c + 36 = 3*z, 3*z = 0. Suppose -854 = -11*f - 205. Let j = f + -55. What is the greatest common factor of c and j?
4
Let d be (-156)/2*((-208)/32 - -6). Calculate the greatest common factor of 559 and d.
13
Let q(h) = h + h**3 + 10*h - 13*h**2 - h + 3*h. Let v be q(12). Calculate the greatest common factor of v and 12.
12
Let i(v) = 8*v**2 + 14*v - 61. Let b be i(5). What is the greatest common divisor of b and 38?
19
Suppose -16 = -2*q + 6*q + 4*a, -3